{"id":248,"date":"2023-05-23T20:27:11","date_gmt":"2023-05-24T01:27:11","guid":{"rendered":"https:\/\/carnetlastresemes.com\/?page_id=248"},"modified":"2023-05-23T20:27:11","modified_gmt":"2023-05-24T01:27:11","slug":"vida-educativa-segura","status":"publish","type":"page","link":"https:\/\/carnetlastresemes.com\/index.php\/vida-educativa-segura\/","title":{"rendered":"VIDA EDUCATIVA SEGURA"},"content":{"rendered":"\n<h2 class=\"wp-block-heading\">\u00bfQu\u00e9 es?<\/h2>\n\n\n\n<p><strong>Es un Seguro de Vida, individual, \u00a0temporal a 80 a\u00f1os renovable anualmente con prima a edad alcanzada. Est\u00e1 orientado a personas que deseen cubrir los gastos de estudio, en cualquier nivel educativo de sus hijos o beneficiarios.<\/strong><\/p>\n\n\n\n<h2 class=\"wp-block-heading\">Caracter\u00edsticas<\/h2>\n\n\n\n<p><strong>\u2022 La p\u00f3liza puede ser adquirida en cualquier \u00e9poca del a\u00f1o y no est\u00e1 sujeta a calendarios educativos.<\/strong><br><strong>\u2022 La suma asegurada incluye la sumatoria de matr\u00edcula, pensi\u00f3n mensual, transporte escolar, \u00fatiles escolares, uniformes y otros.<\/strong><br><strong>\u2022 Plan plus o econ\u00f3mico, puede contratarse a nivel primaria, bachillerato o universidad.<\/strong><br><strong>\u2022 La suma a indemnizar contempla un crecimiento del 6% anual.<\/strong><br><strong>\u2022 Conversi\u00f3n a seguro de vida entera.<\/strong><\/p>\n\n\n\n<h2 class=\"wp-block-heading\">Amparos Adicionales <\/h2>\n\n\n\n<p><strong>\u2022 Incapacidad total y permanente.<\/strong><br><strong>\u2022 Exoneraci\u00f3n de pago de Primas en caso de Incapacidad Total Y Permanente.<\/strong><br><strong>\u2022 Desempleo involuntario.<\/strong><br><strong>\u2022 Incapacidad total temporal.<\/strong><\/p>\n\n\n\n<h2 class=\"wp-block-heading\"> <\/h2>\n","protected":false},"excerpt":{"rendered":"<p>\u00bfQu\u00e9 es? Es un Seguro de Vida, individual, \u00a0temporal a 80 a\u00f1os renovable anualmente con prima a edad alcanzada. Est\u00e1 orientado a personas que deseen cubrir los gastos de estudio, en cualquier nivel educativo de sus hijos o beneficiarios. Caracter\u00edsticas \u2022 La p\u00f3liza puede ser adquirida en cualquier \u00e9poca del a\u00f1o y no est\u00e1 sujeta&hellip; <br \/> <a class=\"read-more\" href=\"https:\/\/carnetlastresemes.com\/index.php\/vida-educativa-segura\/\">Leer m\u00e1s<\/a><\/p>\n","protected":false},"author":1,"featured_media":0,"parent":0,"menu_order":0,"comment_status":"closed","ping_status":"closed","template":"","meta":{"footnotes":""},"class_list":["post-248","page","type-page","status-publish","hentry"],"_links":{"self":[{"href":"https:\/\/carnetlastresemes.com\/index.php\/wp-json\/wp\/v2\/pages\/248","targetHints":{"allow":["GET"]}}],"collection":[{"href":"https:\/\/carnetlastresemes.com\/index.php\/wp-json\/wp\/v2\/pages"}],"about":[{"href":"https:\/\/carnetlastresemes.com\/index.php\/wp-json\/wp\/v2\/types\/page"}],"author":[{"embeddable":true,"href":"https:\/\/carnetlastresemes.com\/index.php\/wp-json\/wp\/v2\/users\/1"}],"replies":[{"embeddable":true,"href":"https:\/\/carnetlastresemes.com\/index.php\/wp-json\/wp\/v2\/comments?post=248"}],"version-history":[{"count":1,"href":"https:\/\/carnetlastresemes.com\/index.php\/wp-json\/wp\/v2\/pages\/248\/revisions"}],"predecessor-version":[{"id":250,"href":"https:\/\/carnetlastresemes.com\/index.php\/wp-json\/wp\/v2\/pages\/248\/revisions\/250"}],"wp:attachment":[{"href":"https:\/\/carnetlastresemes.com\/index.php\/wp-json\/wp\/v2\/media?parent=248"}],"curies":[{"name":"wp","href":"https:\/\/api.w.org\/{rel}","templated":true}]}}

<h2 class="wp-block-heading">¿Qué es?</h2>



<p><strong>Es un Seguro de Vida, individual,  temporal a 80 años renovable anualmente con prima a edad alcanzada. Está orientado a personas que deseen cubrir los gastos de estudio, en cualquier nivel educativo de sus hijos o beneficiarios.</strong></p>



<h2 class="wp-block-heading">Características</h2>



<p><strong>• La póliza puede ser adquirida en cualquier época del año y no está sujeta a calendarios educativos.</strong><br><strong>• La suma asegurada incluye la sumatoria de matrícula, pensión mensual, transporte escolar, útiles escolares, uniformes y otros.</strong><br><strong>• Plan plus o económico, puede contratarse a nivel primaria, bachillerato o universidad.</strong><br><strong>• La suma a indemnizar contempla un crecimiento del 6% anual.</strong><br><strong>• Conversión a seguro de vida entera.</strong></p>



<h2 class="wp-block-heading">Amparos Adicionales </h2>



<p><strong>• Incapacidad total y permanente.</strong><br><strong>• Exoneración de pago de Primas en caso de Incapacidad Total Y Permanente.</strong><br><strong>• Desempleo involuntario.</strong><br><strong>• Incapacidad total temporal.</strong></p>



<h2 class="wp-block-heading"> </h2>

<p>¿Qué es? Es un Seguro de Vida, individual,  temporal a 80 años renovable anualmente con prima a edad alcanzada. Está orientado a personas que deseen cubrir los gastos de estudio, en cualquier nivel educativo de sus hijos o beneficiarios. Características • La póliza puede ser adquirida en cualquier época del año y no está sujeta&hellip; <br /> <a class="read-more" href="https://carnetlastresemes.com/index.php/vida-educativa-segura/">Leer más</a></p>
